{"id":384,"date":"2024-07-03T10:42:35","date_gmt":"2024-07-03T08:42:35","guid":{"rendered":"https:\/\/scherzer-kalau.de\/?page_id=384"},"modified":"2024-07-04T11:39:00","modified_gmt":"2024-07-04T09:39:00","slug":"384-2","status":"publish","type":"page","link":"https:\/\/scherzer-kalau.de\/?page_id=384","title":{"rendered":"Mensa Langemarkplatz"},"content":{"rendered":"\n<div style=\"height:100px\" aria-hidden=\"true\" class=\"wp-block-spacer\"><\/div>\n\n\n\n<p>Umbau und Sanierung des Studentenhauses mit Mensa am Langemarckplatz<\/p>\n\n\n\n<p class=\"has-medium-font-size\">Erlangen<\/p>\n\n\n\n<div style=\"height:100px\" aria-hidden=\"true\" class=\"wp-block-spacer\"><\/div>\n\n\n\n<figure class=\"wp-block-gallery has-nested-images columns-default is-cropped wp-block-gallery-1 is-layout-flex wp-block-gallery-is-layout-flex\">\n<figure class=\"wp-block-image size-large\"><a href=\"https:\/\/scherzer-kalau.de\/wordpress\/wp-content\/uploads\/2024\/07\/IMG_2689-1-scaled.jpg\"><img loading=\"lazy\" decoding=\"async\" width=\"1024\" height=\"683\" data-id=\"524\" src=\"https:\/\/scherzer-kalau.de\/wordpress\/wp-content\/uploads\/2024\/07\/IMG_2689-1-1024x683.jpg\" alt=\"\" class=\"wp-image-524\" srcset=\"https:\/\/scherzer-kalau.de\/wordpress\/wp-content\/uploads\/2024\/07\/IMG_2689-1-1024x683.jpg 1024w, https:\/\/scherzer-kalau.de\/wordpress\/wp-content\/uploads\/2024\/07\/IMG_2689-1-300x200.jpg 300w, https:\/\/scherzer-kalau.de\/wordpress\/wp-content\/uploads\/2024\/07\/IMG_2689-1-768x512.jpg 768w, https:\/\/scherzer-kalau.de\/wordpress\/wp-content\/uploads\/2024\/07\/IMG_2689-1-1536x1024.jpg 1536w, https:\/\/scherzer-kalau.de\/wordpress\/wp-content\/uploads\/2024\/07\/IMG_2689-1-2048x1365.jpg 2048w, https:\/\/scherzer-kalau.de\/wordpress\/wp-content\/uploads\/2024\/07\/IMG_2689-1-250x167.jpg 250w\" sizes=\"auto, (max-width: 1024px) 100vw, 1024px\" \/><\/a><\/figure>\n\n\n\n<figure class=\"wp-block-image size-large\"><a href=\"https:\/\/scherzer-kalau.de\/wordpress\/wp-content\/uploads\/2024\/07\/IMG_2692-3-scaled.jpg\"><img loading=\"lazy\" decoding=\"async\" width=\"683\" height=\"1024\" data-id=\"526\" src=\"https:\/\/scherzer-kalau.de\/wordpress\/wp-content\/uploads\/2024\/07\/IMG_2692-3-683x1024.jpg\" alt=\"\" class=\"wp-image-526\" srcset=\"https:\/\/scherzer-kalau.de\/wordpress\/wp-content\/uploads\/2024\/07\/IMG_2692-3-683x1024.jpg 683w, https:\/\/scherzer-kalau.de\/wordpress\/wp-content\/uploads\/2024\/07\/IMG_2692-3-200x300.jpg 200w, https:\/\/scherzer-kalau.de\/wordpress\/wp-content\/uploads\/2024\/07\/IMG_2692-3-768x1152.jpg 768w, https:\/\/scherzer-kalau.de\/wordpress\/wp-content\/uploads\/2024\/07\/IMG_2692-3-1024x1536.jpg 1024w, https:\/\/scherzer-kalau.de\/wordpress\/wp-content\/uploads\/2024\/07\/IMG_2692-3-1365x2048.jpg 1365w, https:\/\/scherzer-kalau.de\/wordpress\/wp-content\/uploads\/2024\/07\/IMG_2692-3-250x375.jpg 250w, https:\/\/scherzer-kalau.de\/wordpress\/wp-content\/uploads\/2024\/07\/IMG_2692-3-scaled.jpg 1707w\" sizes=\"auto, (max-width: 683px) 100vw, 683px\" \/><\/a><\/figure>\n\n\n\n<figure class=\"wp-block-image size-large\"><a href=\"https:\/\/scherzer-kalau.de\/wordpress\/wp-content\/uploads\/2024\/07\/IMG_2705-1-scaled.jpg\"><img loading=\"lazy\" decoding=\"async\" width=\"683\" height=\"1024\" data-id=\"525\" src=\"https:\/\/scherzer-kalau.de\/wordpress\/wp-content\/uploads\/2024\/07\/IMG_2705-1-683x1024.jpg\" alt=\"\" class=\"wp-image-525\" srcset=\"https:\/\/scherzer-kalau.de\/wordpress\/wp-content\/uploads\/2024\/07\/IMG_2705-1-683x1024.jpg 683w, https:\/\/scherzer-kalau.de\/wordpress\/wp-content\/uploads\/2024\/07\/IMG_2705-1-200x300.jpg 200w, https:\/\/scherzer-kalau.de\/wordpress\/wp-content\/uploads\/2024\/07\/IMG_2705-1-768x1152.jpg 768w, https:\/\/scherzer-kalau.de\/wordpress\/wp-content\/uploads\/2024\/07\/IMG_2705-1-1024x1536.jpg 1024w, https:\/\/scherzer-kalau.de\/wordpress\/wp-content\/uploads\/2024\/07\/IMG_2705-1-1365x2048.jpg 1365w, https:\/\/scherzer-kalau.de\/wordpress\/wp-content\/uploads\/2024\/07\/IMG_2705-1-250x375.jpg 250w, https:\/\/scherzer-kalau.de\/wordpress\/wp-content\/uploads\/2024\/07\/IMG_2705-1-scaled.jpg 1707w\" sizes=\"auto, (max-width: 683px) 100vw, 683px\" \/><\/a><\/figure>\n\n\n\n<figure class=\"wp-block-image size-large\"><a href=\"https:\/\/scherzer-kalau.de\/wordpress\/wp-content\/uploads\/2024\/07\/IMG_2715-1-scaled.jpg\"><img loading=\"lazy\" decoding=\"async\" width=\"1024\" height=\"683\" data-id=\"520\" src=\"https:\/\/scherzer-kalau.de\/wordpress\/wp-content\/uploads\/2024\/07\/IMG_2715-1-1024x683.jpg\" alt=\"\" class=\"wp-image-520\" srcset=\"https:\/\/scherzer-kalau.de\/wordpress\/wp-content\/uploads\/2024\/07\/IMG_2715-1-1024x683.jpg 1024w, https:\/\/scherzer-kalau.de\/wordpress\/wp-content\/uploads\/2024\/07\/IMG_2715-1-300x200.jpg 300w, https:\/\/scherzer-kalau.de\/wordpress\/wp-content\/uploads\/2024\/07\/IMG_2715-1-768x512.jpg 768w, https:\/\/scherzer-kalau.de\/wordpress\/wp-content\/uploads\/2024\/07\/IMG_2715-1-1536x1024.jpg 1536w, https:\/\/scherzer-kalau.de\/wordpress\/wp-content\/uploads\/2024\/07\/IMG_2715-1-2048x1365.jpg 2048w, https:\/\/scherzer-kalau.de\/wordpress\/wp-content\/uploads\/2024\/07\/IMG_2715-1-250x167.jpg 250w\" sizes=\"auto, (max-width: 1024px) 100vw, 1024px\" \/><\/a><\/figure>\n\n\n\n<figure class=\"wp-block-image size-large\"><a href=\"https:\/\/scherzer-kalau.de\/wordpress\/wp-content\/uploads\/2024\/07\/IMG_2726-1-scaled.jpg\"><img loading=\"lazy\" decoding=\"async\" width=\"683\" height=\"1024\" data-id=\"521\" src=\"https:\/\/scherzer-kalau.de\/wordpress\/wp-content\/uploads\/2024\/07\/IMG_2726-1-683x1024.jpg\" alt=\"\" class=\"wp-image-521\" srcset=\"https:\/\/scherzer-kalau.de\/wordpress\/wp-content\/uploads\/2024\/07\/IMG_2726-1-683x1024.jpg 683w, https:\/\/scherzer-kalau.de\/wordpress\/wp-content\/uploads\/2024\/07\/IMG_2726-1-200x300.jpg 200w, https:\/\/scherzer-kalau.de\/wordpress\/wp-content\/uploads\/2024\/07\/IMG_2726-1-768x1152.jpg 768w, https:\/\/scherzer-kalau.de\/wordpress\/wp-content\/uploads\/2024\/07\/IMG_2726-1-1024x1536.jpg 1024w, https:\/\/scherzer-kalau.de\/wordpress\/wp-content\/uploads\/2024\/07\/IMG_2726-1-1366x2048.jpg 1366w, https:\/\/scherzer-kalau.de\/wordpress\/wp-content\/uploads\/2024\/07\/IMG_2726-1-250x375.jpg 250w, https:\/\/scherzer-kalau.de\/wordpress\/wp-content\/uploads\/2024\/07\/IMG_2726-1-scaled.jpg 1707w\" sizes=\"auto, (max-width: 683px) 100vw, 683px\" \/><\/a><\/figure>\n\n\n\n<figure class=\"wp-block-image size-large\"><a href=\"https:\/\/scherzer-kalau.de\/wordpress\/wp-content\/uploads\/2024\/07\/IMG_2739-1-scaled.jpg\"><img loading=\"lazy\" decoding=\"async\" width=\"683\" height=\"1024\" data-id=\"522\" src=\"https:\/\/scherzer-kalau.de\/wordpress\/wp-content\/uploads\/2024\/07\/IMG_2739-1-683x1024.jpg\" alt=\"\" class=\"wp-image-522\" srcset=\"https:\/\/scherzer-kalau.de\/wordpress\/wp-content\/uploads\/2024\/07\/IMG_2739-1-683x1024.jpg 683w, https:\/\/scherzer-kalau.de\/wordpress\/wp-content\/uploads\/2024\/07\/IMG_2739-1-200x300.jpg 200w, https:\/\/scherzer-kalau.de\/wordpress\/wp-content\/uploads\/2024\/07\/IMG_2739-1-768x1152.jpg 768w, https:\/\/scherzer-kalau.de\/wordpress\/wp-content\/uploads\/2024\/07\/IMG_2739-1-1024x1536.jpg 1024w, https:\/\/scherzer-kalau.de\/wordpress\/wp-content\/uploads\/2024\/07\/IMG_2739-1-1365x2048.jpg 1365w, https:\/\/scherzer-kalau.de\/wordpress\/wp-content\/uploads\/2024\/07\/IMG_2739-1-250x375.jpg 250w, https:\/\/scherzer-kalau.de\/wordpress\/wp-content\/uploads\/2024\/07\/IMG_2739-1-scaled.jpg 1707w\" sizes=\"auto, (max-width: 683px) 100vw, 683px\" \/><\/a><\/figure>\n\n\n\n<figure class=\"wp-block-image size-large\"><a href=\"https:\/\/scherzer-kalau.de\/wordpress\/wp-content\/uploads\/2024\/07\/IMG_2758-1-scaled.jpg\"><img loading=\"lazy\" decoding=\"async\" width=\"683\" height=\"1024\" data-id=\"523\" src=\"https:\/\/scherzer-kalau.de\/wordpress\/wp-content\/uploads\/2024\/07\/IMG_2758-1-683x1024.jpg\" alt=\"\" class=\"wp-image-523\" srcset=\"https:\/\/scherzer-kalau.de\/wordpress\/wp-content\/uploads\/2024\/07\/IMG_2758-1-683x1024.jpg 683w, https:\/\/scherzer-kalau.de\/wordpress\/wp-content\/uploads\/2024\/07\/IMG_2758-1-200x300.jpg 200w, https:\/\/scherzer-kalau.de\/wordpress\/wp-content\/uploads\/2024\/07\/IMG_2758-1-768x1152.jpg 768w, https:\/\/scherzer-kalau.de\/wordpress\/wp-content\/uploads\/2024\/07\/IMG_2758-1-1024x1536.jpg 1024w, https:\/\/scherzer-kalau.de\/wordpress\/wp-content\/uploads\/2024\/07\/IMG_2758-1-1365x2048.jpg 1365w, https:\/\/scherzer-kalau.de\/wordpress\/wp-content\/uploads\/2024\/07\/IMG_2758-1-250x375.jpg 250w, https:\/\/scherzer-kalau.de\/wordpress\/wp-content\/uploads\/2024\/07\/IMG_2758-1-scaled.jpg 1707w\" sizes=\"auto, (max-width: 683px) 100vw, 683px\" \/><\/a><\/figure>\n\n\n\n<figure class=\"wp-block-image size-large\"><a href=\"https:\/\/scherzer-kalau.de\/wordpress\/wp-content\/uploads\/2024\/07\/IMG_2779-2-scaled.jpg\"><img loading=\"lazy\" decoding=\"async\" width=\"1024\" height=\"683\" data-id=\"527\" src=\"https:\/\/scherzer-kalau.de\/wordpress\/wp-content\/uploads\/2024\/07\/IMG_2779-2-1024x683.jpg\" alt=\"\" class=\"wp-image-527\" srcset=\"https:\/\/scherzer-kalau.de\/wordpress\/wp-content\/uploads\/2024\/07\/IMG_2779-2-1024x683.jpg 1024w, https:\/\/scherzer-kalau.de\/wordpress\/wp-content\/uploads\/2024\/07\/IMG_2779-2-300x200.jpg 300w, https:\/\/scherzer-kalau.de\/wordpress\/wp-content\/uploads\/2024\/07\/IMG_2779-2-768x512.jpg 768w, https:\/\/scherzer-kalau.de\/wordpress\/wp-content\/uploads\/2024\/07\/IMG_2779-2-1536x1024.jpg 1536w, https:\/\/scherzer-kalau.de\/wordpress\/wp-content\/uploads\/2024\/07\/IMG_2779-2-2048x1365.jpg 2048w, https:\/\/scherzer-kalau.de\/wordpress\/wp-content\/uploads\/2024\/07\/IMG_2779-2-250x167.jpg 250w\" sizes=\"auto, (max-width: 1024px) 100vw, 1024px\" \/><\/a><\/figure>\n\n\n\n<figure class=\"wp-block-image size-large\"><a href=\"https:\/\/scherzer-kalau.de\/wordpress\/wp-content\/uploads\/2024\/07\/IMG_2827-1-scaled.jpg\"><img loading=\"lazy\" decoding=\"async\" width=\"683\" height=\"1024\" data-id=\"528\" src=\"https:\/\/scherzer-kalau.de\/wordpress\/wp-content\/uploads\/2024\/07\/IMG_2827-1-683x1024.jpg\" alt=\"\" class=\"wp-image-528\" srcset=\"https:\/\/scherzer-kalau.de\/wordpress\/wp-content\/uploads\/2024\/07\/IMG_2827-1-683x1024.jpg 683w, https:\/\/scherzer-kalau.de\/wordpress\/wp-content\/uploads\/2024\/07\/IMG_2827-1-200x300.jpg 200w, https:\/\/scherzer-kalau.de\/wordpress\/wp-content\/uploads\/2024\/07\/IMG_2827-1-768x1152.jpg 768w, https:\/\/scherzer-kalau.de\/wordpress\/wp-content\/uploads\/2024\/07\/IMG_2827-1-1024x1536.jpg 1024w, https:\/\/scherzer-kalau.de\/wordpress\/wp-content\/uploads\/2024\/07\/IMG_2827-1-1365x2048.jpg 1365w, https:\/\/scherzer-kalau.de\/wordpress\/wp-content\/uploads\/2024\/07\/IMG_2827-1-250x375.jpg 250w, https:\/\/scherzer-kalau.de\/wordpress\/wp-content\/uploads\/2024\/07\/IMG_2827-1-scaled.jpg 1707w\" sizes=\"auto, (max-width: 683px) 100vw, 683px\" \/><\/a><\/figure>\n\n\n\n<figure class=\"wp-block-image size-large\"><a href=\"https:\/\/scherzer-kalau.de\/wordpress\/wp-content\/uploads\/2024\/07\/IMG_2857-1-scaled.jpg\"><img loading=\"lazy\" decoding=\"async\" width=\"683\" height=\"1024\" data-id=\"529\" src=\"https:\/\/scherzer-kalau.de\/wordpress\/wp-content\/uploads\/2024\/07\/IMG_2857-1-683x1024.jpg\" alt=\"\" class=\"wp-image-529\" srcset=\"https:\/\/scherzer-kalau.de\/wordpress\/wp-content\/uploads\/2024\/07\/IMG_2857-1-683x1024.jpg 683w, https:\/\/scherzer-kalau.de\/wordpress\/wp-content\/uploads\/2024\/07\/IMG_2857-1-200x300.jpg 200w, https:\/\/scherzer-kalau.de\/wordpress\/wp-content\/uploads\/2024\/07\/IMG_2857-1-768x1152.jpg 768w, https:\/\/scherzer-kalau.de\/wordpress\/wp-content\/uploads\/2024\/07\/IMG_2857-1-1024x1536.jpg 1024w, https:\/\/scherzer-kalau.de\/wordpress\/wp-content\/uploads\/2024\/07\/IMG_2857-1-1365x2048.jpg 1365w, https:\/\/scherzer-kalau.de\/wordpress\/wp-content\/uploads\/2024\/07\/IMG_2857-1-250x375.jpg 250w, https:\/\/scherzer-kalau.de\/wordpress\/wp-content\/uploads\/2024\/07\/IMG_2857-1-scaled.jpg 1707w\" sizes=\"auto, (max-width: 683px) 100vw, 683px\" \/><\/a><\/figure>\n\n\n\n<figure class=\"wp-block-image size-large\"><a href=\"https:\/\/scherzer-kalau.de\/wordpress\/wp-content\/uploads\/2024\/07\/IMG_2875-1-scaled.jpg\"><img loading=\"lazy\" decoding=\"async\" width=\"683\" height=\"1024\" data-id=\"530\" src=\"https:\/\/scherzer-kalau.de\/wordpress\/wp-content\/uploads\/2024\/07\/IMG_2875-1-683x1024.jpg\" alt=\"\" class=\"wp-image-530\" srcset=\"https:\/\/scherzer-kalau.de\/wordpress\/wp-content\/uploads\/2024\/07\/IMG_2875-1-683x1024.jpg 683w, https:\/\/scherzer-kalau.de\/wordpress\/wp-content\/uploads\/2024\/07\/IMG_2875-1-200x300.jpg 200w, https:\/\/scherzer-kalau.de\/wordpress\/wp-content\/uploads\/2024\/07\/IMG_2875-1-768x1152.jpg 768w, https:\/\/scherzer-kalau.de\/wordpress\/wp-content\/uploads\/2024\/07\/IMG_2875-1-1024x1536.jpg 1024w, https:\/\/scherzer-kalau.de\/wordpress\/wp-content\/uploads\/2024\/07\/IMG_2875-1-1365x2048.jpg 1365w, https:\/\/scherzer-kalau.de\/wordpress\/wp-content\/uploads\/2024\/07\/IMG_2875-1-250x375.jpg 250w, https:\/\/scherzer-kalau.de\/wordpress\/wp-content\/uploads\/2024\/07\/IMG_2875-1-scaled.jpg 1707w\" sizes=\"auto, (max-width: 683px) 100vw, 683px\" \/><\/a><\/figure>\n\n\n\n<figure class=\"wp-block-image size-large\"><a href=\"https:\/\/scherzer-kalau.de\/wordpress\/wp-content\/uploads\/2024\/07\/IMG_2885-1-scaled.jpg\"><img loading=\"lazy\" decoding=\"async\" width=\"1024\" height=\"683\" data-id=\"531\" src=\"https:\/\/scherzer-kalau.de\/wordpress\/wp-content\/uploads\/2024\/07\/IMG_2885-1-1024x683.jpg\" alt=\"\" class=\"wp-image-531\" srcset=\"https:\/\/scherzer-kalau.de\/wordpress\/wp-content\/uploads\/2024\/07\/IMG_2885-1-1024x683.jpg 1024w, https:\/\/scherzer-kalau.de\/wordpress\/wp-content\/uploads\/2024\/07\/IMG_2885-1-300x200.jpg 300w, https:\/\/scherzer-kalau.de\/wordpress\/wp-content\/uploads\/2024\/07\/IMG_2885-1-768x512.jpg 768w, https:\/\/scherzer-kalau.de\/wordpress\/wp-content\/uploads\/2024\/07\/IMG_2885-1-1536x1024.jpg 1536w, https:\/\/scherzer-kalau.de\/wordpress\/wp-content\/uploads\/2024\/07\/IMG_2885-1-2048x1365.jpg 2048w, https:\/\/scherzer-kalau.de\/wordpress\/wp-content\/uploads\/2024\/07\/IMG_2885-1-250x167.jpg 250w\" sizes=\"auto, (max-width: 1024px) 100vw, 1024px\" \/><\/a><\/figure>\n\n\n\n<figure class=\"wp-block-image size-large\"><a href=\"https:\/\/scherzer-kalau.de\/wordpress\/wp-content\/uploads\/2024\/07\/IMGP3016-1-scaled.jpg\"><img loading=\"lazy\" decoding=\"async\" width=\"1024\" height=\"768\" data-id=\"532\" src=\"https:\/\/scherzer-kalau.de\/wordpress\/wp-content\/uploads\/2024\/07\/IMGP3016-1-1024x768.jpg\" alt=\"\" class=\"wp-image-532\" srcset=\"https:\/\/scherzer-kalau.de\/wordpress\/wp-content\/uploads\/2024\/07\/IMGP3016-1-1024x768.jpg 1024w, https:\/\/scherzer-kalau.de\/wordpress\/wp-content\/uploads\/2024\/07\/IMGP3016-1-300x225.jpg 300w, https:\/\/scherzer-kalau.de\/wordpress\/wp-content\/uploads\/2024\/07\/IMGP3016-1-768x576.jpg 768w, https:\/\/scherzer-kalau.de\/wordpress\/wp-content\/uploads\/2024\/07\/IMGP3016-1-1536x1152.jpg 1536w, https:\/\/scherzer-kalau.de\/wordpress\/wp-content\/uploads\/2024\/07\/IMGP3016-1-2048x1536.jpg 2048w, https:\/\/scherzer-kalau.de\/wordpress\/wp-content\/uploads\/2024\/07\/IMGP3016-1-800x600.jpg 800w, https:\/\/scherzer-kalau.de\/wordpress\/wp-content\/uploads\/2024\/07\/IMGP3016-1-250x188.jpg 250w\" sizes=\"auto, (max-width: 1024px) 100vw, 1024px\" \/><\/a><\/figure>\n\n\n\n<figure class=\"wp-block-image size-large\"><a href=\"https:\/\/scherzer-kalau.de\/wordpress\/wp-content\/uploads\/2024\/07\/WP_20170817_09_29_51_Pro-1-scaled.jpg\"><img loading=\"lazy\" decoding=\"async\" width=\"1024\" height=\"683\" data-id=\"534\" src=\"https:\/\/scherzer-kalau.de\/wordpress\/wp-content\/uploads\/2024\/07\/WP_20170817_09_29_51_Pro-1-1024x683.jpg\" alt=\"\" class=\"wp-image-534\" srcset=\"https:\/\/scherzer-kalau.de\/wordpress\/wp-content\/uploads\/2024\/07\/WP_20170817_09_29_51_Pro-1-1024x683.jpg 1024w, https:\/\/scherzer-kalau.de\/wordpress\/wp-content\/uploads\/2024\/07\/WP_20170817_09_29_51_Pro-1-300x200.jpg 300w, https:\/\/scherzer-kalau.de\/wordpress\/wp-content\/uploads\/2024\/07\/WP_20170817_09_29_51_Pro-1-768x512.jpg 768w, https:\/\/scherzer-kalau.de\/wordpress\/wp-content\/uploads\/2024\/07\/WP_20170817_09_29_51_Pro-1-1536x1024.jpg 1536w, https:\/\/scherzer-kalau.de\/wordpress\/wp-content\/uploads\/2024\/07\/WP_20170817_09_29_51_Pro-1-2048x1365.jpg 2048w, https:\/\/scherzer-kalau.de\/wordpress\/wp-content\/uploads\/2024\/07\/WP_20170817_09_29_51_Pro-1-250x167.jpg 250w\" sizes=\"auto, (max-width: 1024px) 100vw, 1024px\" \/><\/a><\/figure>\n\n\n\n<figure class=\"wp-block-image size-large\"><a href=\"https:\/\/scherzer-kalau.de\/wordpress\/wp-content\/uploads\/2024\/07\/WP_20170817_09_34_44_Pro-1-scaled.jpg\"><img loading=\"lazy\" decoding=\"async\" width=\"1024\" height=\"683\" data-id=\"533\" src=\"https:\/\/scherzer-kalau.de\/wordpress\/wp-content\/uploads\/2024\/07\/WP_20170817_09_34_44_Pro-1-1024x683.jpg\" alt=\"\" class=\"wp-image-533\" srcset=\"https:\/\/scherzer-kalau.de\/wordpress\/wp-content\/uploads\/2024\/07\/WP_20170817_09_34_44_Pro-1-1024x683.jpg 1024w, https:\/\/scherzer-kalau.de\/wordpress\/wp-content\/uploads\/2024\/07\/WP_20170817_09_34_44_Pro-1-300x200.jpg 300w, https:\/\/scherzer-kalau.de\/wordpress\/wp-content\/uploads\/2024\/07\/WP_20170817_09_34_44_Pro-1-768x512.jpg 768w, https:\/\/scherzer-kalau.de\/wordpress\/wp-content\/uploads\/2024\/07\/WP_20170817_09_34_44_Pro-1-1536x1024.jpg 1536w, https:\/\/scherzer-kalau.de\/wordpress\/wp-content\/uploads\/2024\/07\/WP_20170817_09_34_44_Pro-1-2048x1365.jpg 2048w, https:\/\/scherzer-kalau.de\/wordpress\/wp-content\/uploads\/2024\/07\/WP_20170817_09_34_44_Pro-1-250x167.jpg 250w\" sizes=\"auto, (max-width: 1024px) 100vw, 1024px\" \/><\/a><\/figure>\n<\/figure>\n\n\n\n<p>Das Studentenhaus des Studentenwerks Erlangen-N\u00fcrnberg wurde in den 1930-iger Jahren<br>errichtet und 1984 letztmalig saniert. Das Geb\u00e4ude beherbergt die innerst\u00e4dtische Mensa mit<br>Gro\u00dfk\u00fcche f\u00fcr 2.400 Essen\/Tag zur Versorgung der Studierenden der Friedrich-Alexander-<br>Universit\u00e4t, eine Caf\u00e9bar, B\u00fcror\u00e4ume f\u00fcr die Hochschulgastronomie, einen Tagungsraum und eine<br>Hausmeisterwohnung. Auch der gro\u00dfz\u00fcgig gestaltete Terrassen- und Gartenbereich, der<br>unmittelbar an den park\u00e4hnlichen Langemarckplatz angrenzt wird von den Studierenden &#8211; nicht nur<br>w\u00e4hrend der Sommermonate &#8211; gerne genutzt.<br>Das bestehenden Bauwerk wurde vollst\u00e4ndig entkernt und entsprechend den hygienischen<br>Anforderungen neu organisiert. Rettungswege wurden erg\u00e4nzt, der K\u00fcchentrakt wurde vollst\u00e4ndig<br>abgebrochen und den betrieblichen Bed\u00fcrfnissen entsprechend neu errichtet.<\/p>\n\n\n\n<div style=\"height:100px\" aria-hidden=\"true\" class=\"wp-block-spacer\"><\/div>\n","protected":false},"excerpt":{"rendered":"<p>Umbau und Sanierung des Studentenhauses mit Mensa am Langemarckplatz Erlangen Das Studentenhaus des Studentenwerks Erlangen-N\u00fcrnberg wurde in den 1930-iger Jahrenerrichtet und 1984 letztmalig saniert. Das Geb\u00e4ude beherbergt die innerst\u00e4dtische Mensa mitGro\u00dfk\u00fcche f\u00fcr 2.400 Essen\/Tag zur Versorgung der Studierenden der Friedrich-Alexander-Universit\u00e4t, eine Caf\u00e9bar, B\u00fcror\u00e4ume f\u00fcr die Hochschulgastronomie, einen Tagungsraum und eineHausmeisterwohnung. Auch der gro\u00dfz\u00fcgig gestaltete Terrassen- [&hellip;]<\/p>\n","protected":false},"author":1,"featured_media":0,"parent":0,"menu_order":0,"comment_status":"closed","ping_status":"closed","template":"","meta":{"ngg_post_thumbnail":0,"footnotes":""},"class_list":["post-384","page","type-page","status-publish","hentry"],"_links":{"self":[{"href":"https:\/\/scherzer-kalau.de\/index.php?rest_route=\/wp\/v2\/pages\/384","targetHints":{"allow":["GET"]}}],"collection":[{"href":"https:\/\/scherzer-kalau.de\/index.php?rest_route=\/wp\/v2\/pages"}],"about":[{"href":"https:\/\/scherzer-kalau.de\/index.php?rest_route=\/wp\/v2\/types\/page"}],"author":[{"embeddable":true,"href":"https:\/\/scherzer-kalau.de\/index.php?rest_route=\/wp\/v2\/users\/1"}],"replies":[{"embeddable":true,"href":"https:\/\/scherzer-kalau.de\/index.php?rest_route=%2Fwp%2Fv2%2Fcomments&post=384"}],"version-history":[{"count":4,"href":"https:\/\/scherzer-kalau.de\/index.php?rest_route=\/wp\/v2\/pages\/384\/revisions"}],"predecessor-version":[{"id":555,"href":"https:\/\/scherzer-kalau.de\/index.php?rest_route=\/wp\/v2\/pages\/384\/revisions\/555"}],"wp:attachment":[{"href":"https:\/\/scherzer-kalau.de\/index.php?rest_route=%2Fwp%2Fv2%2Fmedia&parent=384"}],"curies":[{"name":"wp","href":"https:\/\/api.w.org\/{rel}","templated":true}]}}